{"id":9040,"date":"2025-09-12T09:12:21","date_gmt":"2025-09-12T07:12:21","guid":{"rendered":"https:\/\/www.eufonie.pl\/event\/maski-szymanowski-bacewicz-bacevicius\/"},"modified":"2025-11-18T01:36:39","modified_gmt":"2025-11-18T00:36:39","slug":"maski-szymanowski-bacewicz-bacevicius","status":"publish","type":"tribe_events","link":"https:\/\/www.eufonie.pl\/en\/event\/maski-szymanowski-bacewicz-bacevicius\/","title":{"rendered":"Masks: Szymanowski \/ Bacewicz \/ Bacevi\u010dius"},"content":{"rendered":"<p><strong>For the generation of Polish-Lithuanian siblings \u2013 Vytautas Bacevi\u010dius and Gra\u017cyna Bacewicz \u2013 Karol Szymanowski was an icon of new music. His <g id=\"gid_0\">Masques<\/g>, Op. 34, belonging to the Impressionist\/Expressionist phase, present his interpretation of figures rooted in culture.   <\/strong><\/p>\n<p><em>Three Grotesques<\/em> by Bacewicz fit into the trend of comic and dance vitalism. In turn, Bacevi\u010dius\u2019 works represent cosmological ideas: anticipated by <em>Po\u00e8me mystique<\/em>, Op. 6 and <em>M\u00e9ditaton<\/em>, Op. 29 from the Kaunas, modernist years, and embodied by <em>Trois pens\u00e9es musicales<\/em>, Op. 75 from the American years. Cosmic music expressed the artist\u2019s inner universe. The Piano Suite No. 3, Op. 60 crowns the earlier period, which was a \u201ccompromise\u201d with the listener, while <em>Sixi\u00e8me mot<\/em>, Op. 72 belongs to a collection of seven compositions resembling words \u201cconveyed\u201d through sounds.       <\/p>\n<p><a class=\"tribe-events-event-buy-ticket-button\" href=\"https:\/\/nck.bilety24.pl\/wydarzenie\/?id=134971\" target=\"_blank\" rel=\"noopener\">BUY TICKET<\/a><\/p>\n<h4>PROGRAMME:<\/h4>\n<p><strong><span style=\"text-decoration: underline;\">Karol Szymanowski (1882\u20131937)<\/span><\/strong><br \/>\n<em>Sch\u00e9h\u00e9razade<\/em> from the cycle <em>Masques<\/em>, Op. 34 No. 1 [9\u2019]<br \/>\n(1916) <\/p>\n<p><em>Tantris le bouffon<\/em> from the cycle <em>Masques<\/em>, Op. 34 No. 2 [8\u2019]<br \/>\n(1916) <\/p>\n<p><strong><span style=\"text-decoration: underline;\">Gra\u017cyna Bacewicz (1909-1969)<br \/>\n<\/span><\/strong><em>Three Grotesques<\/em> [7&#8242;]<br \/>\n(1935)<\/p>\n<p><strong><span style=\"text-decoration: underline;\">Vytautas Bacevi\u010dius (1905\u20131970)<\/span><\/strong><br \/>\nMistin\u0117 Poema (<em>Po\u00e8me mystique<\/em>) Op. 6 [6\u2019]<br \/>\n(1927) <\/p>\n<p>Suite No. 3, Op. 60 [6\u2019]<br \/><!-- -->(1956)<br \/>\n<em>Allegretto<br \/>\n<\/em><em>Allegro moderato<br \/>\n<\/em><em>Lento<br \/>\n<\/em><em>Presto<\/em><\/p>\n<p><em>Meditacija (M\u00e9ditation)<\/em> Op. 29 [3\u2019]<br \/>\n(1937) <\/p>\n<p><em>\u0160e\u0161tas \u017eodis (Sixi\u00e8me mot)<\/em> Op. 72 [9\u2019]<br \/>\n(1963) <\/p>\n<p><em>Trys muzikin\u0117s mintys (Trois pens\u00e9es musicales)<\/em> Op. 75 [6\u2019]<br \/>\n(1966)<br \/>\n<em>Allegro moderato<\/em><br \/>\n<em>Adagio<\/em><br \/>\n<em>Vivace<\/em><\/p>\n<div class=\"tribe-events-event-buy-ticket\"><a class=\"tribe-events-event-buy-ticket-button\" href=\"https:\/\/www.eufonie.pl\/wp-content\/uploads\/2025\/11\/Eufonie_2025_EN-digital_6.pdf\" target=\"_blank\" rel=\"noopener\">DOWNLOAD THE CONCERT PROGRAM<\/a><\/div>\n<p>______<\/p>\n<h4>PERFORMER:<\/h4>\n<p><strong>Yusuke Ishii<br \/>\n<\/strong>piano<\/p>\n<div class=\"tribe-events-event-buy-ticket\"><a class=\"tribe-events-event-buy-ticket-button\" href=\"https:\/\/nck.bilety24.pl\/wydarzenie\/?id=134971\" target=\"_blank\" rel=\"noopener\">BUY TICKET<\/a><\/div>\n<p><a class=\"tribe-events-link-image-only\" href=\"https:\/\/labaswroclaw.wordpress.com\/litewski-instytut-kultury\/\"><img decoding=\"async\" class=\"alignnone wp-image-8592 size-medium\" style=\"height: 150px; width: auto;\" src=\"https:\/\/www.eufonie.pl\/wp-content\/uploads\/2025\/09\/LCI_primary_Stroke-Black.png\" alt=\"Lithuanian Cultural Institute\"><\/a><\/p>\n","protected":false},"excerpt":{"rendered":"<p>For the generation of Polish-Lithuanian siblings \u2013 Vytautas Bacevi\u010dius and Gra\u017cyna Bacewicz \u2013 Karol Szymanowski was an icon of new music. His Masques, Op. 34, belonging to the Impressionist\/Expressionist phase, present his interpretation of figures&hellip;<\/p>\n","protected":false},"author":990013,"featured_media":9766,"template":"","meta":{"_acf_changed":false,"_tribe_events_status":"","_tribe_events_status_reason":"","footnotes":""},"tags":[],"tribe_events_cat":[],"class_list":["post-9040","tribe_events","type-tribe_events","status-publish","has-post-thumbnail","hentry"],"acf":[],"_links":{"self":[{"href":"https:\/\/www.eufonie.pl\/en\/wp-json\/wp\/v2\/tribe_events\/9040","targetHints":{"allow":["GET"]}}],"collection":[{"href":"https:\/\/www.eufonie.pl\/en\/wp-json\/wp\/v2\/tribe_events"}],"about":[{"href":"https:\/\/www.eufonie.pl\/en\/wp-json\/wp\/v2\/types\/tribe_events"}],"author":[{"embeddable":true,"href":"https:\/\/www.eufonie.pl\/en\/wp-json\/wp\/v2\/users\/990013"}],"version-history":[{"count":10,"href":"https:\/\/www.eufonie.pl\/en\/wp-json\/wp\/v2\/tribe_events\/9040\/revisions"}],"predecessor-version":[{"id":10692,"href":"https:\/\/www.eufonie.pl\/en\/wp-json\/wp\/v2\/tribe_events\/9040\/revisions\/10692"}],"wp:featuredmedia":[{"embeddable":true,"href":"https:\/\/www.eufonie.pl\/en\/wp-json\/wp\/v2\/media\/9766"}],"wp:attachment":[{"href":"https:\/\/www.eufonie.pl\/en\/wp-json\/wp\/v2\/media?parent=9040"}],"wp:term":[{"taxonomy":"post_tag","embeddable":true,"href":"https:\/\/www.eufonie.pl\/en\/wp-json\/wp\/v2\/tags?post=9040"},{"taxonomy":"tribe_events_cat","embeddable":true,"href":"https:\/\/www.eufonie.pl\/en\/wp-json\/wp\/v2\/tribe_events_cat?post=9040"}],"curies":[{"name":"wp","href":"https:\/\/api.w.org\/{rel}","templated":true}]}}

Masks: Szymanowski / Bacewicz / Bacevičius

<p><strong>For the generation of Polish-Lithuanian siblings – Vytautas Bacevičius and Grażyna Bacewicz – Karol Szymanowski was an icon of new music. His <g id="gid_0">Masques</g>, Op. 34, belonging to the Impressionist/Expressionist phase, present his interpretation of figures rooted in culture.   </strong></p>
<p><em>Three Grotesques</em> by Bacewicz fit into the trend of comic and dance vitalism. In turn, Bacevičius’ works represent cosmological ideas: anticipated by <em>Poème mystique</em>, Op. 6 and <em>Méditaton</em>, Op. 29 from the Kaunas, modernist years, and embodied by <em>Trois pensées musicales</em>, Op. 75 from the American years. Cosmic music expressed the artist’s inner universe. The Piano Suite No. 3, Op. 60 crowns the earlier period, which was a “compromise” with the listener, while <em>Sixième mot</em>, Op. 72 belongs to a collection of seven compositions resembling words “conveyed” through sounds.       </p>
<p><a class="tribe-events-event-buy-ticket-button" href="https://nck.bilety24.pl/wydarzenie/?id=134971" target="_blank" rel="noopener">BUY TICKET</a></p>
<h4>PROGRAMME:</h4>
<p><strong><span style="text-decoration: underline;">Karol Szymanowski (1882–1937)</span></strong><br />
<em>Schéhérazade</em> from the cycle <em>Masques</em>, Op. 34 No. 1 [9’]<br />
(1916) </p>
<p><em>Tantris le bouffon</em> from the cycle <em>Masques</em>, Op. 34 No. 2 [8’]<br />
(1916) </p>
<p><strong><span style="text-decoration: underline;">Grażyna Bacewicz (1909-1969)<br />
</span></strong><em>Three Grotesques</em> [7&#8242;]<br />
(1935)</p>
<p><strong><span style="text-decoration: underline;">Vytautas Bacevičius (1905–1970)</span></strong><br />
Mistinė Poema (<em>Poème mystique</em>) Op. 6 [6’]<br />
(1927) </p>
<p>Suite No. 3, Op. 60 [6’]<br /><!-- -->(1956)<br />
<em>Allegretto<br />
</em><em>Allegro moderato<br />
</em><em>Lento<br />
</em><em>Presto</em></p>
<p><em>Meditacija (Méditation)</em> Op. 29 [3’]<br />
(1937) </p>
<p><em>Šeštas žodis (Sixième mot)</em> Op. 72 [9’]<br />
(1963) </p>
<p><em>Trys muzikinės mintys (Trois pensées musicales)</em> Op. 75 [6’]<br />
(1966)<br />
<em>Allegro moderato</em><br />
<em>Adagio</em><br />
<em>Vivace</em></p>
<div class="tribe-events-event-buy-ticket"><a class="tribe-events-event-buy-ticket-button" href="https://www.eufonie.pl/wp-content/uploads/2025/11/Eufonie_2025_EN-digital_6.pdf" target="_blank" rel="noopener">DOWNLOAD THE CONCERT PROGRAM</a></div>
<p>______</p>
<h4>PERFORMER:</h4>
<p><strong>Yusuke Ishii<br />
</strong>piano</p>
<div class="tribe-events-event-buy-ticket"><a class="tribe-events-event-buy-ticket-button" href="https://nck.bilety24.pl/wydarzenie/?id=134971" target="_blank" rel="noopener">BUY TICKET</a></div>
<p><a class="tribe-events-link-image-only" href="https://labaswroclaw.wordpress.com/litewski-instytut-kultury/"><img decoding="async" class="alignnone wp-image-8592 size-medium" style="height: 150px; width: auto;" src="https://www.eufonie.pl/wp-content/uploads/2025/09/LCI_primary_Stroke-Black.png" alt="Lithuanian Cultural Institute"></a></p>

<p>For the generation of Polish-Lithuanian siblings – Vytautas Bacevičius and Grażyna Bacewicz – Karol Szymanowski was an icon of new music. His Masques, Op. 34, belonging to the Impressionist/Expressionist phase, present his interpretation of figures&hellip;</p>
