{"id":9037,"date":"2025-09-12T11:33:47","date_gmt":"2025-09-12T09:33:47","guid":{"rendered":"https:\/\/www.eufonie.pl\/event\/exuberance-enescu-wajnberg-kodaly\/"},"modified":"2025-11-18T01:33:13","modified_gmt":"2025-11-18T00:33:13","slug":"exuberance-enescu-wajnberg-kodaly","status":"publish","type":"tribe_events","link":"https:\/\/www.eufonie.pl\/en\/event\/exuberance-enescu-wajnberg-kodaly\/","title":{"rendered":"Exuberance: Enescu \/ Wajnberg \/ Kod\u00e1ly"},"content":{"rendered":"<p><strong>The richness of folk music has often inspired the \u201cserious\u201d concert repertoire. Originality, sincerity and spontaneity inherent in folk rhythms and melodies gained an artistic quality in compositional arrangements, but they did not lose the authenticity of their prototypes. <\/strong><\/p>\n<p>This is also the case of the <em>Poem<\/em>, Op. 1 by George Enescu, the <g id=\"gid_1\">Cello Concerto<\/g> by Mieczys\u0142aw Weinberg and <g id=\"gid_2\">Dances of Gal\u00e1nta<\/g> by Zolt\u00e1n Kod\u00e1ly. These pieces, although composed many years ago, are still present in the repertoire and enjoy continuing popularity.  <\/p>\n<div class=\"tribe-events-event-buy-ticket\"><a class=\"tribe-events-event-buy-ticket-button\" style=\"color: #72cfd5;\" href=\"https:\/\/nck.bilety24.pl\/wydarzenie\/?id=134992\" target=\"_blank\" rel=\"noopener\">BUY TICKET<\/a><\/div>\n<h4>PROGRAMME:<\/h4>\n<p><span style=\"text-decoration: underline;\"><strong>George Enescu (1881\u20131955)<\/strong><\/span><\/p>\n<p><em>Romanian Poem (Po\u00e8me roumain)<\/em> Op. 1<br \/>\nsymphonic suite for orchestra and male chorus [29&#8242;]<br \/>\n(1897)<\/p>\n<p><strong>Part I <\/strong><\/p>\n<p><em>Un soir d\u2019\u00e9t\u00e9, la veille d\u2019une f\u00eate; on entend par moments les cloches et les chants des pr\u00eatres<br \/>\n<\/em><em>La nuit est venue. Clair de lune. On entend au loin les fl\u00fbtes des bergers  <\/em><\/p>\n<p><strong>Part II<\/strong><\/p>\n<p><em>La lune se voile de nuages, le tonnerre gronde, l\u2019orage \u00e9clate<br \/>\n<\/em><em>L\u2019orage se calme; r\u00e9veil du matin; chant du coq; les cloches sonnent pour annoncer la f\u00eate<br \/>\n<\/em><em>Le jour est venu. Rassemblement du peuple<br \/>\n<\/em><em>La danse commence<br \/>\n<\/em><em>Hymne national roumain<\/em><\/p>\n<p>&nbsp;<\/p>\n<p><strong>***\u202fintermission [20\u2019]<\/strong><\/p>\n<p>&nbsp;<\/p>\n<p><span style=\"text-decoration: underline;\"><strong>Mieczys\u0142aw Wajnberg (1919\u20131996)<\/strong><\/span><\/p>\n<p><em>Cello Concerto Op. 43<\/em> [31\u2019]<br \/>\n(1948\/1956)<\/p>\n<p><em>Adagio<br \/>\n<\/em><em>Moderato \u2013 Lento<br \/>\n<\/em><em>Allegro<br \/>\n<\/em><em>Allegro<\/em><\/p>\n<p><span style=\"text-decoration: underline;\"><strong>Zolt\u00e1n Kod\u00e1ly (1882\u20131967)<\/strong><\/span><\/p>\n<p><em>Dances of Gal\u00e1nta (Gal\u00e1ntai t\u00e1ncok)<\/em> [17\u2019]<br \/>\n(1933)<\/p>\n<p><em>Lento<br \/>\n<\/em><em>Allegretto moderato<br \/>\n<\/em><em>Allegro con moto, grazioso<br \/>\n<\/em><em>Allegro<br \/>\n<\/em><em>Allegro vivace<\/em><\/p>\n<div class=\"tribe-events-event-buy-ticket\"><a class=\"tribe-events-event-buy-ticket-button\" href=\"https:\/\/www.eufonie.pl\/wp-content\/uploads\/2025\/11\/Eufonie_2025_EN-digital_12.pdf\" target=\"_blank\" rel=\"noopener\">DOWNLOAD THE CONCERT PROGRAM<\/a><\/div>\n<p>_______<\/p>\n<h4>PERFORMERS:<\/h4>\n<p><strong>Warsaw Philharmonic Male Choir and Orchestra<\/strong><\/p>\n<p><strong>Gergely Madaras<br \/>\n<\/strong>conductor<\/p>\n<p><strong>Tomasz Daroch<\/strong><br \/>\ncello<\/p>\n<p><strong>Bartosz Micha\u0142owski<br \/>\n<\/strong>dyrektor ch\u00f3ru<\/p>\n<div class=\"tribe-events-event-buy-ticket\"><a class=\"tribe-events-event-buy-ticket-button\" href=\"https:\/\/nck.bilety24.pl\/wydarzenie\/?id=134992\" target=\"_blank\" rel=\"noopener\">BUY TICKET<\/a><\/div>\n<p class=\"tribe-events-logos-container\"><a class=\"tribe-events-link-image-only\" href=\"https:\/\/www.cultura.ro\/\"><img decoding=\"async\" class=\"alignnone wp-image-8592 size-medium\" style=\"height: 100px; width: auto;\" src=\"https:\/\/www.eufonie.pl\/wp-content\/uploads\/2025\/09\/2025-Logotyp-MK-Rumunia--scaled.png\" alt=\"Ministerstwo Kultury Rumunii\">             <\/a><a class=\"tribe-events-link-image-only\" href=\"https:\/\/www.icr.ro\/\"><img decoding=\"async\" class=\"alignnone wp-image-8592 size-medium\" style=\"height: 100px; width: auto;\" src=\"https:\/\/www.eufonie.pl\/wp-content\/uploads\/2025\/09\/ICR_new.png\" alt=\"Rumu\u0144ski Instytut Kultury\">           <\/a><a class=\"tribe-events-link-image-only\" href=\"https:\/\/varsovia.mae.ro\"><img decoding=\"async\" class=\"alignnone wp-image-8592 size-medium\" style=\"height: 100px; width: auto;\" src=\"https:\/\/www.eufonie.pl\/wp-content\/uploads\/2025\/09\/2025-Logotyp-Ambasada-Rumunii.png\" alt=\"Ambasada Rumunii\"><\/a><\/p>\n<p>&nbsp;<\/p>\n<p><a class=\"tribe-events-link-image-only\" href=\"https:\/\/filarmonicaenescu.ro\/en\"><img decoding=\"async\" class=\"alignnone wp-image-8592 size-medium\" style=\"height: 100px; width: auto;\" src=\"https:\/\/www.eufonie.pl\/wp-content\/uploads\/2025\/09\/Filharmonia-Bukareszt-LOGO.jpg\" alt=\"Filharmonia Bukareszt\"><\/a><\/p>\n<p>&nbsp;<\/p>\n<p>&nbsp;<\/p>\n<p class=\"tribe-events-logos-container\"><img decoding=\"async\" class=\"alignnone wp-image-8592 size-medium\" style=\"height: 100px; width: auto;\" src=\"https:\/\/www.eufonie.pl\/wp-content\/uploads\/2025\/09\/2025-Logotyp-SKRP-scaled.png\" alt=\"Sezon Kulturalny Rumunia-Polska\"><\/p>\n<p>&nbsp;<\/p>\n<p><a href=\"https:\/\/iam.pl\/pl\" class=\"tribe-events-link-image-only\"><img decoding=\"async\" class=\"alignnone wp-image-9966 size-large\" src=\"https:\/\/www.eufonie.pl\/wp-content\/uploads\/2025\/10\/MKiDN_IAM_black-1.png\" alt=\"\" style=\"height: 100px; width: auto;\"><\/a><\/p>\n<div>\n<p><strong>Event within the framework of the Romania-Poland Cultural Season 2024\u20132025.<\/strong><\/p>\n<p>The Romania-Poland Cultural Season 2024\u20132025 is organized by the <strong>Romanian Ministry of Culture<\/strong> and <strong>the Romanian Cultural Institute<\/strong>, together with the <strong>Polish Ministry of Culture<\/strong> and National Heritage and <strong>the Adam Mickiewicz Institute<\/strong>, with the support of <strong>the Polish Institute in Bucharest<\/strong>.<\/p>\n<\/div>\n","protected":false},"excerpt":{"rendered":"<p>The richness of folk music has often inspired the \u201cserious\u201d concert repertoire. Originality, sincerity and spontaneity inherent in folk rhythms and melodies gained an artistic quality in compositional arrangements, but they did not lose the&hellip;<\/p>\n","protected":false},"author":990013,"featured_media":9742,"template":"","meta":{"_acf_changed":false,"_tribe_events_status":"","_tribe_events_status_reason":"","footnotes":""},"tags":[],"tribe_events_cat":[],"class_list":["post-9037","tribe_events","type-tribe_events","status-publish","has-post-thumbnail","hentry"],"acf":[],"_links":{"self":[{"href":"https:\/\/www.eufonie.pl\/en\/wp-json\/wp\/v2\/tribe_events\/9037","targetHints":{"allow":["GET"]}}],"collection":[{"href":"https:\/\/www.eufonie.pl\/en\/wp-json\/wp\/v2\/tribe_events"}],"about":[{"href":"https:\/\/www.eufonie.pl\/en\/wp-json\/wp\/v2\/types\/tribe_events"}],"author":[{"embeddable":true,"href":"https:\/\/www.eufonie.pl\/en\/wp-json\/wp\/v2\/users\/990013"}],"version-history":[{"count":10,"href":"https:\/\/www.eufonie.pl\/en\/wp-json\/wp\/v2\/tribe_events\/9037\/revisions"}],"predecessor-version":[{"id":10680,"href":"https:\/\/www.eufonie.pl\/en\/wp-json\/wp\/v2\/tribe_events\/9037\/revisions\/10680"}],"wp:featuredmedia":[{"embeddable":true,"href":"https:\/\/www.eufonie.pl\/en\/wp-json\/wp\/v2\/media\/9742"}],"wp:attachment":[{"href":"https:\/\/www.eufonie.pl\/en\/wp-json\/wp\/v2\/media?parent=9037"}],"wp:term":[{"taxonomy":"post_tag","embeddable":true,"href":"https:\/\/www.eufonie.pl\/en\/wp-json\/wp\/v2\/tags?post=9037"},{"taxonomy":"tribe_events_cat","embeddable":true,"href":"https:\/\/www.eufonie.pl\/en\/wp-json\/wp\/v2\/tribe_events_cat?post=9037"}],"curies":[{"name":"wp","href":"https:\/\/api.w.org\/{rel}","templated":true}]}}

Exuberance: Enescu / Wajnberg / Kodály

<p><strong>The richness of folk music has often inspired the “serious” concert repertoire. Originality, sincerity and spontaneity inherent in folk rhythms and melodies gained an artistic quality in compositional arrangements, but they did not lose the authenticity of their prototypes. </strong></p>
<p>This is also the case of the <em>Poem</em>, Op. 1 by George Enescu, the <g id="gid_1">Cello Concerto</g> by Mieczysław Weinberg and <g id="gid_2">Dances of Galánta</g> by Zoltán Kodály. These pieces, although composed many years ago, are still present in the repertoire and enjoy continuing popularity.  </p>
<div class="tribe-events-event-buy-ticket"><a class="tribe-events-event-buy-ticket-button" style="color: #72cfd5;" href="https://nck.bilety24.pl/wydarzenie/?id=134992" target="_blank" rel="noopener">BUY TICKET</a></div>
<h4>PROGRAMME:</h4>
<p><span style="text-decoration: underline;"><strong>George Enescu (1881–1955)</strong></span></p>
<p><em>Romanian Poem (Poème roumain)</em> Op. 1<br />
symphonic suite for orchestra and male chorus [29&#8242;]<br />
(1897)</p>
<p><strong>Part I </strong></p>
<p><em>Un soir d’été, la veille d’une fête; on entend par moments les cloches et les chants des prêtres<br />
</em><em>La nuit est venue. Clair de lune. On entend au loin les flûtes des bergers  </em></p>
<p><strong>Part II</strong></p>
<p><em>La lune se voile de nuages, le tonnerre gronde, l’orage éclate<br />
</em><em>L’orage se calme; réveil du matin; chant du coq; les cloches sonnent pour annoncer la fête<br />
</em><em>Le jour est venu. Rassemblement du peuple<br />
</em><em>La danse commence<br />
</em><em>Hymne national roumain</em></p>
<p>&nbsp;</p>
<p><strong>*** intermission [20’]</strong></p>
<p>&nbsp;</p>
<p><span style="text-decoration: underline;"><strong>Mieczysław Wajnberg (1919–1996)</strong></span></p>
<p><em>Cello Concerto Op. 43</em> [31’]<br />
(1948/1956)</p>
<p><em>Adagio<br />
</em><em>Moderato – Lento<br />
</em><em>Allegro<br />
</em><em>Allegro</em></p>
<p><span style="text-decoration: underline;"><strong>Zoltán Kodály (1882–1967)</strong></span></p>
<p><em>Dances of Galánta (Galántai táncok)</em> [17’]<br />
(1933)</p>
<p><em>Lento<br />
</em><em>Allegretto moderato<br />
</em><em>Allegro con moto, grazioso<br />
</em><em>Allegro<br />
</em><em>Allegro vivace</em></p>
<div class="tribe-events-event-buy-ticket"><a class="tribe-events-event-buy-ticket-button" href="https://www.eufonie.pl/wp-content/uploads/2025/11/Eufonie_2025_EN-digital_12.pdf" target="_blank" rel="noopener">DOWNLOAD THE CONCERT PROGRAM</a></div>
<p>_______</p>
<h4>PERFORMERS:</h4>
<p><strong>Warsaw Philharmonic Male Choir and Orchestra</strong></p>
<p><strong>Gergely Madaras<br />
</strong>conductor</p>
<p><strong>Tomasz Daroch</strong><br />
cello</p>
<p><strong>Bartosz Michałowski<br />
</strong>dyrektor chóru</p>
<div class="tribe-events-event-buy-ticket"><a class="tribe-events-event-buy-ticket-button" href="https://nck.bilety24.pl/wydarzenie/?id=134992" target="_blank" rel="noopener">BUY TICKET</a></div>
<p class="tribe-events-logos-container"><a class="tribe-events-link-image-only" href="https://www.cultura.ro/"><img decoding="async" class="alignnone wp-image-8592 size-medium" style="height: 100px; width: auto;" src="https://www.eufonie.pl/wp-content/uploads/2025/09/2025-Logotyp-MK-Rumunia--scaled.png" alt="Ministerstwo Kultury Rumunii">             </a><a class="tribe-events-link-image-only" href="https://www.icr.ro/"><img decoding="async" class="alignnone wp-image-8592 size-medium" style="height: 100px; width: auto;" src="https://www.eufonie.pl/wp-content/uploads/2025/09/ICR_new.png" alt="Rumuński Instytut Kultury">           </a><a class="tribe-events-link-image-only" href="https://varsovia.mae.ro"><img decoding="async" class="alignnone wp-image-8592 size-medium" style="height: 100px; width: auto;" src="https://www.eufonie.pl/wp-content/uploads/2025/09/2025-Logotyp-Ambasada-Rumunii.png" alt="Ambasada Rumunii"></a></p>
<p>&nbsp;</p>
<p><a class="tribe-events-link-image-only" href="https://filarmonicaenescu.ro/en"><img decoding="async" class="alignnone wp-image-8592 size-medium" style="height: 100px; width: auto;" src="https://www.eufonie.pl/wp-content/uploads/2025/09/Filharmonia-Bukareszt-LOGO.jpg" alt="Filharmonia Bukareszt"></a></p>
<p>&nbsp;</p>
<p>&nbsp;</p>
<p class="tribe-events-logos-container"><img decoding="async" class="alignnone wp-image-8592 size-medium" style="height: 100px; width: auto;" src="https://www.eufonie.pl/wp-content/uploads/2025/09/2025-Logotyp-SKRP-scaled.png" alt="Sezon Kulturalny Rumunia-Polska"></p>
<p>&nbsp;</p>
<p><a href="https://iam.pl/pl" class="tribe-events-link-image-only"><img decoding="async" class="alignnone wp-image-9966 size-large" src="https://www.eufonie.pl/wp-content/uploads/2025/10/MKiDN_IAM_black-1.png" alt="" style="height: 100px; width: auto;"></a></p>
<div>
<p><strong>Event within the framework of the Romania-Poland Cultural Season 2024–2025.</strong></p>
<p>The Romania-Poland Cultural Season 2024–2025 is organized by the <strong>Romanian Ministry of Culture</strong> and <strong>the Romanian Cultural Institute</strong>, together with the <strong>Polish Ministry of Culture</strong> and National Heritage and <strong>the Adam Mickiewicz Institute</strong>, with the support of <strong>the Polish Institute in Bucharest</strong>.</p>
</div>
