{"id":9034,"date":"2025-09-18T12:01:39","date_gmt":"2025-09-18T10:01:39","guid":{"rendered":"https:\/\/www.eufonie.pl\/event\/voyage-enescu-dvorak-3\/"},"modified":"2025-11-18T01:02:49","modified_gmt":"2025-11-18T00:02:49","slug":"voyage-enescu-dvorak-3","status":"publish","type":"tribe_events","link":"https:\/\/www.eufonie.pl\/en\/event\/voyage-enescu-dvorak-3\/","title":{"rendered":"George Enescu Philharmonic Orchestra &#8211; symphonic concert"},"content":{"rendered":"<p><strong>Anton\u00edn Dvor\u030c\u00e1k and George Enescu had the ability to draw on the musical traditions of their nations with lightness and elegance without losing their individual musical languages.<\/strong><\/p>\n<p>Their passion for the culture in which they grew up left its mark on them, but it did not define them as artists, as evidenced by the greatness of the ideas they practiced. They were cosmopolitans who transformed tradition into a universal musical language of values \u2013 understandable to and fascinating for music lovers all over the world. <\/p>\n<h4>PROGRAMME:<\/h4>\n<p><span style=\"text-decoration: underline;\"><strong>George Enescu (1881\u20131955)<\/strong><\/span><\/p>\n<p class=\"x_MsoNormal\">Interlude (act II)<br \/>Sheperds&#8217; Dance<br \/>from the opera Oedipe<\/p>\n<p><em>Symphonie concertante in B minor, Op. 8<\/em><br \/>\nfor cello and orchestra [25&#8242;]<br \/>\n(1901)<\/p>\n<p>&nbsp;<\/p>\n<p><strong>*** intermission [20\u2019]<\/strong><\/p>\n<p>&nbsp;<\/p>\n<p><span style=\"text-decoration: underline;\"><strong>Anton\u00edn Dvo\u0159\u00e1k (1841\u20131904)<\/strong><\/span><\/p>\n<p><em>VI Symfonia D-dur<\/em> op. 60 <span class=\"TextRun SCXW148474605 BCX8\" lang=\"EN-US\" data-contrast=\"auto\"><span class=\"NormalTextRun SCXW148474605 BCX8\">[40\u2019]<\/span><\/span> <span class=\"EOP SCXW148474605 BCX8\" data-ccp-props=\"{\"201341983\":0,\"335559739\":0,\"335559740\":276}\"> <\/span><br \/>\n(1880)<\/p>\n<p>______<\/p>\n<h4>PERFORMERS:<\/h4>\n<p><strong>George Enescu Philharmonic Orchestra <\/strong><\/p>\n<p><strong>Gabriel Bebe\u0219elea<br \/>\n<\/strong>conductor<\/p>\n<p><strong>Jaemin Han<br \/>\n<\/strong>cello<\/p>\n","protected":false},"excerpt":{"rendered":"<p>Anton\u00edn Dvor\u030c\u00e1k and George Enescu had the ability to draw on the musical traditions of their nations with lightness and elegance without losing their individual musical languages. Their passion for the culture in which they&hellip;<\/p>\n","protected":false},"author":990013,"featured_media":9748,"template":"","meta":{"_acf_changed":false,"_tribe_events_status":"","_tribe_events_status_reason":"","footnotes":""},"tags":[],"tribe_events_cat":[],"class_list":["post-9034","tribe_events","type-tribe_events","status-publish","has-post-thumbnail","hentry"],"acf":[],"_links":{"self":[{"href":"https:\/\/www.eufonie.pl\/en\/wp-json\/wp\/v2\/tribe_events\/9034","targetHints":{"allow":["GET"]}}],"collection":[{"href":"https:\/\/www.eufonie.pl\/en\/wp-json\/wp\/v2\/tribe_events"}],"about":[{"href":"https:\/\/www.eufonie.pl\/en\/wp-json\/wp\/v2\/types\/tribe_events"}],"author":[{"embeddable":true,"href":"https:\/\/www.eufonie.pl\/en\/wp-json\/wp\/v2\/users\/990013"}],"version-history":[{"count":3,"href":"https:\/\/www.eufonie.pl\/en\/wp-json\/wp\/v2\/tribe_events\/9034\/revisions"}],"predecessor-version":[{"id":10655,"href":"https:\/\/www.eufonie.pl\/en\/wp-json\/wp\/v2\/tribe_events\/9034\/revisions\/10655"}],"wp:featuredmedia":[{"embeddable":true,"href":"https:\/\/www.eufonie.pl\/en\/wp-json\/wp\/v2\/media\/9748"}],"wp:attachment":[{"href":"https:\/\/www.eufonie.pl\/en\/wp-json\/wp\/v2\/media?parent=9034"}],"wp:term":[{"taxonomy":"post_tag","embeddable":true,"href":"https:\/\/www.eufonie.pl\/en\/wp-json\/wp\/v2\/tags?post=9034"},{"taxonomy":"tribe_events_cat","embeddable":true,"href":"https:\/\/www.eufonie.pl\/en\/wp-json\/wp\/v2\/tribe_events_cat?post=9034"}],"curies":[{"name":"wp","href":"https:\/\/api.w.org\/{rel}","templated":true}]}}

<p><strong>Antonín Dvořák and George Enescu had the ability to draw on the musical traditions of their nations with lightness and elegance without losing their individual musical languages.</strong></p>
<p>Their passion for the culture in which they grew up left its mark on them, but it did not define them as artists, as evidenced by the greatness of the ideas they practiced. They were cosmopolitans who transformed tradition into a universal musical language of values – understandable to and fascinating for music lovers all over the world. </p>
<h4>PROGRAMME:</h4>
<p><span style="text-decoration: underline;"><strong>George Enescu (1881–1955)</strong></span></p>
<p class="x_MsoNormal">Interlude (act II)<br />Sheperds&#8217; Dance<br />from the opera Oedipe</p>
<p><em>Symphonie concertante in B minor, Op. 8</em><br />
for cello and orchestra [25&#8242;]<br />
(1901)</p>
<p>&nbsp;</p>
<p><strong>*** intermission [20’]</strong></p>
<p>&nbsp;</p>
<p><span style="text-decoration: underline;"><strong>Antonín Dvořák (1841–1904)</strong></span></p>
<p><em>VI Symfonia D-dur</em> op. 60 <span class="TextRun SCXW148474605 BCX8" lang="EN-US" data-contrast="auto"><span class="NormalTextRun SCXW148474605 BCX8">[40’]</span></span> <span class="EOP SCXW148474605 BCX8" data-ccp-props="{"201341983":0,"335559739":0,"335559740":276}"> </span><br />
(1880)</p>
<p>______</p>
<h4>PERFORMERS:</h4>
<p><strong>George Enescu Philharmonic Orchestra </strong></p>
<p><strong>Gabriel Bebeșelea<br />
</strong>conductor</p>
<p><strong>Jaemin Han<br />
</strong>cello</p>

<p>Antonín Dvořák and George Enescu had the ability to draw on the musical traditions of their nations with lightness and elegance without losing their individual musical languages. Their passion for the culture in which they&hellip;</p>
