{"id":9030,"date":"2025-09-18T12:01:46","date_gmt":"2025-09-18T10:01:46","guid":{"rendered":"https:\/\/www.eufonie.pl\/event\/voyage-enescu-dvorak-2\/"},"modified":"2025-11-18T00:38:33","modified_gmt":"2025-11-17T23:38:33","slug":"voyage-enescu-dvorak-2","status":"publish","type":"tribe_events","link":"https:\/\/www.eufonie.pl\/en\/event\/voyage-enescu-dvorak-2\/","title":{"rendered":"Voyage: Enescu\/ Dvor\u030c\u00e1k"},"content":{"rendered":"<p><strong>Anton\u00edn Dvor\u030c\u00e1k and George Enescu had the ability to draw on the musical traditions of their nations with lightness and elegance without losing their individual musical languages.<\/strong><\/p>\n<p>Their passion for the culture in which they grew up left its mark on them, but it did not define them as artists, as evidenced by the greatness of the ideas they practiced. They were cosmopolitans who transformed tradition into a universal musical language of values \u2013 understandable to and fascinating for music lovers all over the world. <\/p>\n<div class=\"tribe-events-event-buy-ticket\"><a class=\"tribe-events-event-buy-ticket-button\" href=\"https:\/\/filharmoniakrakow.pl\/public\/program\/koncert-symfoniczny-254\" target=\"_blank\" rel=\"noopener\">BUY TICKET<\/a><\/div>\n<h4>PROGRAMME:<\/h4>\n<p><span style=\"text-decoration: underline;\"><strong>George Enescu (1881\u20131955)<\/strong><\/span><\/p>\n<p><em>Romanian Rhapsody in A major, Op. 11 No. 1 [11\u2019] <br \/>(1901)<br \/>\n<\/em>(1901)<\/p>\n<p><em>Symphonie concertante in B minor, Op. 8 <\/em><br \/>\nfor cello and orchestra [25\u2019]<br \/>\n(1901)<\/p>\n<p>&nbsp;<\/p>\n<p><strong>*** intermission [20\u2019]<\/strong><\/p>\n<p>&nbsp;<\/p>\n<p><span style=\"text-decoration: underline;\"><strong>Anton\u00edn Dvo\u0159\u00e1k (1841\u20131904)<\/strong><\/span><\/p>\n<p><em>VI Symfonia D-dur<\/em> op. 60 <span class=\"TextRun SCXW148474605 BCX8\" lang=\"EN-US\" data-contrast=\"auto\"><span class=\"NormalTextRun SCXW148474605 BCX8\">[40\u2019]<\/span><\/span> <span class=\"EOP SCXW148474605 BCX8\" data-ccp-props=\"{\"201341983\":0,\"335559739\":0,\"335559740\":276}\"> <\/span><br \/>\n(1880)<\/p>\n<p>______<\/p>\n<h4>PERFORMERS:<\/h4>\n<p><strong>George Enescu Philharmonic Orchestra <\/strong><\/p>\n<p><strong>Gabriel Bebe\u0219elea<br \/>\n<\/strong>conductor<\/p>\n<p><strong>Jaemin Han<br \/>\n<\/strong>cello<\/p>\n<p>The event is organised by the Krakow Philharmonic.<\/p>\n<div class=\"tribe-events-event-buy-ticket\"><a class=\"tribe-events-event-buy-ticket-button\" href=\"https:\/\/filharmoniakrakow.pl\/public\/program\/koncert-symfoniczny-254\" target=\"_blank\" rel=\"noopener\">BUY TICKET<\/a><\/div>\n<p><a class=\"tribe-events-link-image-only\" href=\"https:\/\/filharmoniakrakow.pl\/public\/\"><img decoding=\"async\" class=\"alignnone wp-image-9059 size-medium\" src=\"https:\/\/www.eufonie.pl\/wp-content\/uploads\/2025\/09\/filharmonia-krakowska-300x102.jpg\" alt=\"\" width=\"300\" height=\"102\" srcset=\"https:\/\/www.eufonie.pl\/wp-content\/uploads\/2025\/09\/filharmonia-krakowska-300x102.jpg 300w, https:\/\/www.eufonie.pl\/wp-content\/uploads\/2025\/09\/filharmonia-krakowska-370x126.jpg 370w, https:\/\/www.eufonie.pl\/wp-content\/uploads\/2025\/09\/filharmonia-krakowska-406x139.jpg 406w, https:\/\/www.eufonie.pl\/wp-content\/uploads\/2025\/09\/filharmonia-krakowska.jpg 492w\" sizes=\"(max-width: 300px) 100vw, 300px\" \/><\/a><\/p>\n<div class=\"tribe-events-sezon-container\"><\/div>\n<p class=\"tribe-events-logos-container\"><a class=\"tribe-events-link-image-only\" href=\"https:\/\/www.cultura.ro\/\"><img decoding=\"async\" class=\"alignnone wp-image-8592 size-medium\" style=\"height: 100px; width: auto;\" src=\"https:\/\/www.eufonie.pl\/wp-content\/uploads\/2025\/09\/2025-Logotyp-MK-Rumunia--scaled.png\" alt=\"Ministerstwo Kultury Rumunii\">       <\/a><a class=\"tribe-events-link-image-only\" href=\"https:\/\/www.icr.ro\/\"><img decoding=\"async\" class=\"alignnone wp-image-8592 size-medium\" style=\"height: 100px; width: auto;\" src=\"https:\/\/www.eufonie.pl\/wp-content\/uploads\/2025\/09\/ICR_new.png\" alt=\"Rumu\u0144ski Instytut Kultury\">     <\/a><a class=\"tribe-events-link-image-only\" href=\"https:\/\/varsovia.mae.ro\"><img decoding=\"async\" class=\"alignnone wp-image-8592 size-medium\" style=\"height: 100px; width: auto;\" src=\"https:\/\/www.eufonie.pl\/wp-content\/uploads\/2025\/09\/2025-Logotyp-Ambasada-Rumunii.png\" alt=\"Ambasada Rumunii\"><\/a><a class=\"tribe-events-link-image-only\" href=\"https:\/\/www.icr.ro\/\"><br \/>\n<\/a><\/p>\n<p><a class=\"tribe-events-link-image-only\" href=\"https:\/\/filarmonicaenescu.ro\/en\"><img decoding=\"async\" class=\"alignnone wp-image-8592 size-medium\" style=\"height: 100px; width: auto;\" src=\"https:\/\/www.eufonie.pl\/wp-content\/uploads\/2025\/09\/Filharmonia-Bukareszt-LOGO.jpg\" alt=\"Filharmonia Bukareszt\"><\/a><\/p>\n<p>&nbsp;<\/p>\n<p class=\"tribe-events-logos-container\"><img decoding=\"async\" class=\"alignnone wp-image-8592 size-medium\" style=\"height: 100px; width: auto;\" src=\"https:\/\/www.eufonie.pl\/wp-content\/uploads\/2025\/09\/2025-Logotyp-SKRP-scaled.png\" alt=\"Sezon Kulturalny Rumunia-Polska\"><\/p>\n<p><span class=\"x_normaltextrun\"><i><span data-olk-copy-source=\"MessageBody\">The event is part of the Romania\u2013Poland Cultural Season 2024\u20132025.<\/span><\/i><\/span><\/p>\n<div class=\"tribe-events-sezon-container\">The Romania-Poland Cultural Season 2024-2025 is organised by the Romanian Ministry of Culture and the Romanian Institute of Culture, together with the Polish Ministry of Culture and National Heritage and the Adam Mickiewicz Institute, with the support of the Polish Institute in Bucharest.<\/div>\n<div><\/div>\n","protected":false},"excerpt":{"rendered":"<p>Anton\u00edn Dvor\u030c\u00e1k and George Enescu had the ability to draw on the musical traditions of their nations with lightness and elegance without losing their individual musical languages. Their passion for the culture in which they&hellip;<\/p>\n","protected":false},"author":990013,"featured_media":9732,"template":"","meta":{"_acf_changed":false,"_tribe_events_status":"","_tribe_events_status_reason":"","footnotes":""},"tags":[],"tribe_events_cat":[],"class_list":["post-9030","tribe_events","type-tribe_events","status-publish","has-post-thumbnail","hentry"],"acf":[],"_links":{"self":[{"href":"https:\/\/www.eufonie.pl\/en\/wp-json\/wp\/v2\/tribe_events\/9030","targetHints":{"allow":["GET"]}}],"collection":[{"href":"https:\/\/www.eufonie.pl\/en\/wp-json\/wp\/v2\/tribe_events"}],"about":[{"href":"https:\/\/www.eufonie.pl\/en\/wp-json\/wp\/v2\/types\/tribe_events"}],"author":[{"embeddable":true,"href":"https:\/\/www.eufonie.pl\/en\/wp-json\/wp\/v2\/users\/990013"}],"version-history":[{"count":2,"href":"https:\/\/www.eufonie.pl\/en\/wp-json\/wp\/v2\/tribe_events\/9030\/revisions"}],"predecessor-version":[{"id":10650,"href":"https:\/\/www.eufonie.pl\/en\/wp-json\/wp\/v2\/tribe_events\/9030\/revisions\/10650"}],"wp:featuredmedia":[{"embeddable":true,"href":"https:\/\/www.eufonie.pl\/en\/wp-json\/wp\/v2\/media\/9732"}],"wp:attachment":[{"href":"https:\/\/www.eufonie.pl\/en\/wp-json\/wp\/v2\/media?parent=9030"}],"wp:term":[{"taxonomy":"post_tag","embeddable":true,"href":"https:\/\/www.eufonie.pl\/en\/wp-json\/wp\/v2\/tags?post=9030"},{"taxonomy":"tribe_events_cat","embeddable":true,"href":"https:\/\/www.eufonie.pl\/en\/wp-json\/wp\/v2\/tribe_events_cat?post=9030"}],"curies":[{"name":"wp","href":"https:\/\/api.w.org\/{rel}","templated":true}]}}

Voyage: Enescu/ Dvořák

<p><strong>Antonín Dvořák and George Enescu had the ability to draw on the musical traditions of their nations with lightness and elegance without losing their individual musical languages.</strong></p>
<p>Their passion for the culture in which they grew up left its mark on them, but it did not define them as artists, as evidenced by the greatness of the ideas they practiced. They were cosmopolitans who transformed tradition into a universal musical language of values – understandable to and fascinating for music lovers all over the world. </p>
<div class="tribe-events-event-buy-ticket"><a class="tribe-events-event-buy-ticket-button" href="https://filharmoniakrakow.pl/public/program/koncert-symfoniczny-254" target="_blank" rel="noopener">BUY TICKET</a></div>
<h4>PROGRAMME:</h4>
<p><span style="text-decoration: underline;"><strong>George Enescu (1881–1955)</strong></span></p>
<p><em>Romanian Rhapsody in A major, Op. 11 No. 1 [11’] <br />(1901)<br />
</em>(1901)</p>
<p><em>Symphonie concertante in B minor, Op. 8 </em><br />
for cello and orchestra [25’]<br />
(1901)</p>
<p>&nbsp;</p>
<p><strong>*** intermission [20’]</strong></p>
<p>&nbsp;</p>
<p><span style="text-decoration: underline;"><strong>Antonín Dvořák (1841–1904)</strong></span></p>
<p><em>VI Symfonia D-dur</em> op. 60 <span class="TextRun SCXW148474605 BCX8" lang="EN-US" data-contrast="auto"><span class="NormalTextRun SCXW148474605 BCX8">[40’]</span></span> <span class="EOP SCXW148474605 BCX8" data-ccp-props="{"201341983":0,"335559739":0,"335559740":276}"> </span><br />
(1880)</p>
<p>______</p>
<h4>PERFORMERS:</h4>
<p><strong>George Enescu Philharmonic Orchestra </strong></p>
<p><strong>Gabriel Bebeșelea<br />
</strong>conductor</p>
<p><strong>Jaemin Han<br />
</strong>cello</p>
<p>The event is organised by the Krakow Philharmonic.</p>
<div class="tribe-events-event-buy-ticket"><a class="tribe-events-event-buy-ticket-button" href="https://filharmoniakrakow.pl/public/program/koncert-symfoniczny-254" target="_blank" rel="noopener">BUY TICKET</a></div>
<p><a class="tribe-events-link-image-only" href="https://filharmoniakrakow.pl/public/"><img decoding="async" class="alignnone wp-image-9059 size-medium" src="https://www.eufonie.pl/wp-content/uploads/2025/09/filharmonia-krakowska-300x102.jpg" alt="" width="300" height="102" srcset="https://www.eufonie.pl/wp-content/uploads/2025/09/filharmonia-krakowska-300x102.jpg 300w, https://www.eufonie.pl/wp-content/uploads/2025/09/filharmonia-krakowska-370x126.jpg 370w, https://www.eufonie.pl/wp-content/uploads/2025/09/filharmonia-krakowska-406x139.jpg 406w, https://www.eufonie.pl/wp-content/uploads/2025/09/filharmonia-krakowska.jpg 492w" sizes="(max-width: 300px) 100vw, 300px" /></a></p>
<div class="tribe-events-sezon-container"></div>
<p class="tribe-events-logos-container"><a class="tribe-events-link-image-only" href="https://www.cultura.ro/"><img decoding="async" class="alignnone wp-image-8592 size-medium" style="height: 100px; width: auto;" src="https://www.eufonie.pl/wp-content/uploads/2025/09/2025-Logotyp-MK-Rumunia--scaled.png" alt="Ministerstwo Kultury Rumunii">       </a><a class="tribe-events-link-image-only" href="https://www.icr.ro/"><img decoding="async" class="alignnone wp-image-8592 size-medium" style="height: 100px; width: auto;" src="https://www.eufonie.pl/wp-content/uploads/2025/09/ICR_new.png" alt="Rumuński Instytut Kultury">     </a><a class="tribe-events-link-image-only" href="https://varsovia.mae.ro"><img decoding="async" class="alignnone wp-image-8592 size-medium" style="height: 100px; width: auto;" src="https://www.eufonie.pl/wp-content/uploads/2025/09/2025-Logotyp-Ambasada-Rumunii.png" alt="Ambasada Rumunii"></a><a class="tribe-events-link-image-only" href="https://www.icr.ro/"><br />
</a></p>
<p><a class="tribe-events-link-image-only" href="https://filarmonicaenescu.ro/en"><img decoding="async" class="alignnone wp-image-8592 size-medium" style="height: 100px; width: auto;" src="https://www.eufonie.pl/wp-content/uploads/2025/09/Filharmonia-Bukareszt-LOGO.jpg" alt="Filharmonia Bukareszt"></a></p>
<p>&nbsp;</p>
<p class="tribe-events-logos-container"><img decoding="async" class="alignnone wp-image-8592 size-medium" style="height: 100px; width: auto;" src="https://www.eufonie.pl/wp-content/uploads/2025/09/2025-Logotyp-SKRP-scaled.png" alt="Sezon Kulturalny Rumunia-Polska"></p>
<p><span class="x_normaltextrun"><i><span data-olk-copy-source="MessageBody">The event is part of the Romania–Poland Cultural Season 2024–2025.</span></i></span></p>
<div class="tribe-events-sezon-container">The Romania-Poland Cultural Season 2024-2025 is organised by the Romanian Ministry of Culture and the Romanian Institute of Culture, together with the Polish Ministry of Culture and National Heritage and the Adam Mickiewicz Institute, with the support of the Polish Institute in Bucharest.</div>
<div></div>

<p>Antonín Dvořák and George Enescu had the ability to draw on the musical traditions of their nations with lightness and elegance without losing their individual musical languages. Their passion for the culture in which they&hellip;</p>
