{"id":9029,"date":"2025-09-18T12:01:39","date_gmt":"2025-09-18T10:01:39","guid":{"rendered":"https:\/\/www.eufonie.pl\/event\/voyage-enescu-dvorak\/"},"modified":"2025-11-30T19:19:44","modified_gmt":"2025-11-30T18:19:44","slug":"voyage-enescu-dvorak","status":"publish","type":"tribe_events","link":"https:\/\/www.eufonie.pl\/en\/event\/voyage-enescu-dvorak\/","title":{"rendered":"Voyage: Enescu \/ Dvo\u0159\u00e1k"},"content":{"rendered":"<p><strong>Anton\u00edn Dvor\u030c\u00e1k and George Enescu had the ability to draw on the musical traditions of their nations with lightness and elegance without losing their individual musical languages.<\/strong><\/p>\n<p>Their passion for the culture in which they grew up left its mark on them, but it did not define them as artists, as evidenced by the greatness of the ideas they practiced. They were cosmopolitans who transformed tradition into a universal musical language of values \u2013 understandable to and fascinating for music lovers all over the world. <\/p>\n<p><a href=\"https:\/\/nck.bilety24.pl\/wydarzenie\/?id=134997\"><b>BUY TICKET<\/b><\/a><\/p>\n<h4>PROGRAMME:<\/h4>\n<p><span style=\"text-decoration: underline;\"><strong>George Enescu (1881\u20131955)<\/strong><\/span><\/p>\n<p><em>Romanian Rhapsody in A major, Op. 11 No. 1 [11\u2019] <br \/>(1901)<br \/>\n<\/em>(1901)<\/p>\n<p><em>Symphonie concertante in B minor, Op. 8 <\/em><br \/>\nfor cello and orchestra [25\u2019]<br \/>\n(1901)<\/p>\n<p>&nbsp;<\/p>\n<p><strong>*** intermission [20\u2019]<\/strong><\/p>\n<p>&nbsp;<\/p>\n<p><span style=\"text-decoration: underline;\"><strong>Anton\u00edn Dvo\u0159\u00e1k (1841\u20131904)<\/strong><\/span><\/p>\n<p><em>VI Symfonia D-dur<\/em> op. 60 <span class=\"TextRun SCXW148474605 BCX8\" lang=\"EN-US\" data-contrast=\"auto\"><span class=\"NormalTextRun SCXW148474605 BCX8\">[40\u2019]<\/span><\/span> <span class=\"EOP SCXW148474605 BCX8\" data-ccp-props=\"{\"201341983\":0,\"335559739\":0,\"335559740\":276}\"> <\/span><br \/>\n(1880)<\/p>\n<div class=\"tribe-events-event-buy-ticket\"><a class=\"tribe-events-event-buy-ticket-button\" href=\"https:\/\/www.eufonie.pl\/wp-content\/uploads\/2025\/11\/Eufonie_2025_PL-digital_15.pdf\" target=\"_blank\" rel=\"noopener\">DOWNLOAD THE CONCERT PROGRAM<\/a><\/div>\n<p>______<\/p>\n<h4>PERFORMERS:<\/h4>\n<p><strong>George Enescu Philharmonic Orchestra <\/strong><\/p>\n<p><strong>Gabriel Bebe\u0219elea<br \/>\n<\/strong>conductor<\/p>\n<p><strong>Jaemin Han<br \/>\n<\/strong>cello<\/p>\n<p><strong><a href=\"https:\/\/filharmonia.pl\/informacje\/deklaracja-dostepnosci\">Declaration of availability<\/a><\/strong><\/p>\n<p>P\u0119tla indukcyjna dost\u0119pna w rz\u0119dach 12 i 13.<\/p>\n<p><img decoding=\"async\" class=\"alignnone wp-image-7805 size-thumbnail\" src=\"https:\/\/www.eufonie.pl\/wp-content\/uploads\/2024\/11\/petla-indukcyjna-150x150.jpg\" alt=\"\" width=\"150\" height=\"150\" srcset=\"https:\/\/www.eufonie.pl\/wp-content\/uploads\/2024\/11\/petla-indukcyjna-150x150.jpg 150w, https:\/\/www.eufonie.pl\/wp-content\/uploads\/2024\/11\/petla-indukcyjna-120x120.jpg 120w, https:\/\/www.eufonie.pl\/wp-content\/uploads\/2024\/11\/petla-indukcyjna-300x300.jpg 300w, https:\/\/www.eufonie.pl\/wp-content\/uploads\/2024\/11\/petla-indukcyjna-100x100.jpg 100w, https:\/\/www.eufonie.pl\/wp-content\/uploads\/2024\/11\/petla-indukcyjna-370x370.jpg 370w\" sizes=\"(max-width: 150px) 100vw, 150px\" \/><\/p>\n<div class=\"tribe-events-event-buy-ticket\"><a class=\"tribe-events-event-buy-ticket-button\" href=\"https:\/\/nck.bilety24.pl\/wydarzenie\/?id=134997\" target=\"_blank\" rel=\"noopener\">BUY TICKET<\/a><\/div>\n<div><\/div>\n<div class=\"tribe-events-sezon-container\">\n<p class=\"x_MsoNormal\">\n<\/div>\n<p class=\"tribe-events-logos-container\"><a class=\"tribe-events-link-image-only\" href=\"https:\/\/www.cultura.ro\/\"><img decoding=\"async\" class=\"alignnone wp-image-8592 size-medium\" style=\"height: 100px; width: auto;\" src=\"https:\/\/www.eufonie.pl\/wp-content\/uploads\/2025\/09\/2025-Logotyp-MK-Rumunia--scaled.png\" alt=\"Ministerstwo Kultury Rumunii\">             <\/a><a class=\"tribe-events-link-image-only\" href=\"https:\/\/www.icr.ro\/\"><img decoding=\"async\" class=\"alignnone wp-image-8592 size-medium\" style=\"height: 100px; width: auto;\" src=\"https:\/\/www.eufonie.pl\/wp-content\/uploads\/2025\/09\/ICR_new.png\" alt=\"Rumu\u0144ski Instytut Kultury\">           <\/a><a class=\"tribe-events-link-image-only\" href=\"https:\/\/varsovia.mae.ro\"><img decoding=\"async\" class=\"alignnone wp-image-8592 size-medium\" style=\"height: 100px; width: auto;\" src=\"https:\/\/www.eufonie.pl\/wp-content\/uploads\/2025\/09\/2025-Logotyp-Ambasada-Rumunii.png\" alt=\"Ambasada Rumunii\"><\/a><\/p>\n<p>&nbsp;<\/p>\n<p><a class=\"tribe-events-link-image-only\" href=\"https:\/\/filarmonicaenescu.ro\/en\"><img decoding=\"async\" class=\"alignnone wp-image-8592 size-medium\" style=\"height: 100px; width: auto;\" src=\"https:\/\/www.eufonie.pl\/wp-content\/uploads\/2025\/09\/Filharmonia-Bukareszt-LOGO.jpg\" alt=\"Filharmonia Bukareszt\"><\/a><\/p>\n<p>&nbsp;<\/p>\n<p>&nbsp;<\/p>\n<p class=\"tribe-events-logos-container\"><img decoding=\"async\" class=\"alignnone wp-image-8592 size-medium\" style=\"height: 100px; width: auto;\" src=\"https:\/\/www.eufonie.pl\/wp-content\/uploads\/2025\/09\/2025-Logotyp-SKRP-scaled.png\" alt=\"Sezon Kulturalny Rumunia-Polska\"><\/p>\n<p>&nbsp;<\/p>\n<p><a class=\"tribe-events-link-image-only\" href=\"https:\/\/iam.pl\/pl\"><img decoding=\"async\" class=\"alignnone wp-image-9966 size-large\" style=\"height: 100px; width: auto;\" src=\"https:\/\/www.eufonie.pl\/wp-content\/uploads\/2025\/10\/MKiDN_IAM_black-1.png\" alt=\"\"><\/a><\/p>\n<div>\n<p><strong>Event within the framework of the Romania-Poland Cultural Season 2024\u20132025.<\/strong><\/p>\n<p>The Romania-Poland Cultural Season 2024\u20132025 is organized by the <strong>Romanian Ministry of Culture<\/strong> and <strong>the Romanian Cultural Institute<\/strong>, together with the <strong>Polish Ministry of Culture<\/strong> and National Heritage and <strong>the Adam Mickiewicz Institute<\/strong>, with the support of <strong>the Polish Institute in Bucharest<\/strong>.<\/p>\n<\/div>\n","protected":false},"excerpt":{"rendered":"<p>Anton\u00edn Dvor\u030c\u00e1k and George Enescu had the ability to draw on the musical traditions of their nations with lightness and elegance without losing their individual musical languages. Their passion for the culture in which they&hellip;<\/p>\n","protected":false},"author":990013,"featured_media":9729,"template":"","meta":{"_acf_changed":false,"_tribe_events_status":"","_tribe_events_status_reason":"","footnotes":""},"tags":[],"tribe_events_cat":[],"class_list":["post-9029","tribe_events","type-tribe_events","status-publish","has-post-thumbnail","hentry"],"acf":[],"_links":{"self":[{"href":"https:\/\/www.eufonie.pl\/en\/wp-json\/wp\/v2\/tribe_events\/9029","targetHints":{"allow":["GET"]}}],"collection":[{"href":"https:\/\/www.eufonie.pl\/en\/wp-json\/wp\/v2\/tribe_events"}],"about":[{"href":"https:\/\/www.eufonie.pl\/en\/wp-json\/wp\/v2\/types\/tribe_events"}],"author":[{"embeddable":true,"href":"https:\/\/www.eufonie.pl\/en\/wp-json\/wp\/v2\/users\/990013"}],"version-history":[{"count":16,"href":"https:\/\/www.eufonie.pl\/en\/wp-json\/wp\/v2\/tribe_events\/9029\/revisions"}],"predecessor-version":[{"id":10982,"href":"https:\/\/www.eufonie.pl\/en\/wp-json\/wp\/v2\/tribe_events\/9029\/revisions\/10982"}],"wp:featuredmedia":[{"embeddable":true,"href":"https:\/\/www.eufonie.pl\/en\/wp-json\/wp\/v2\/media\/9729"}],"wp:attachment":[{"href":"https:\/\/www.eufonie.pl\/en\/wp-json\/wp\/v2\/media?parent=9029"}],"wp:term":[{"taxonomy":"post_tag","embeddable":true,"href":"https:\/\/www.eufonie.pl\/en\/wp-json\/wp\/v2\/tags?post=9029"},{"taxonomy":"tribe_events_cat","embeddable":true,"href":"https:\/\/www.eufonie.pl\/en\/wp-json\/wp\/v2\/tribe_events_cat?post=9029"}],"curies":[{"name":"wp","href":"https:\/\/api.w.org\/{rel}","templated":true}]}}

Voyage: Enescu / Dvořák

<p><strong>Antonín Dvořák and George Enescu had the ability to draw on the musical traditions of their nations with lightness and elegance without losing their individual musical languages.</strong></p>
<p>Their passion for the culture in which they grew up left its mark on them, but it did not define them as artists, as evidenced by the greatness of the ideas they practiced. They were cosmopolitans who transformed tradition into a universal musical language of values – understandable to and fascinating for music lovers all over the world. </p>
<p><a href="https://nck.bilety24.pl/wydarzenie/?id=134997"><b>BUY TICKET</b></a></p>
<h4>PROGRAMME:</h4>
<p><span style="text-decoration: underline;"><strong>George Enescu (1881–1955)</strong></span></p>
<p><em>Romanian Rhapsody in A major, Op. 11 No. 1 [11’] <br />(1901)<br />
</em>(1901)</p>
<p><em>Symphonie concertante in B minor, Op. 8 </em><br />
for cello and orchestra [25’]<br />
(1901)</p>
<p>&nbsp;</p>
<p><strong>*** intermission [20’]</strong></p>
<p>&nbsp;</p>
<p><span style="text-decoration: underline;"><strong>Antonín Dvořák (1841–1904)</strong></span></p>
<p><em>VI Symfonia D-dur</em> op. 60 <span class="TextRun SCXW148474605 BCX8" lang="EN-US" data-contrast="auto"><span class="NormalTextRun SCXW148474605 BCX8">[40’]</span></span> <span class="EOP SCXW148474605 BCX8" data-ccp-props="{"201341983":0,"335559739":0,"335559740":276}"> </span><br />
(1880)</p>
<div class="tribe-events-event-buy-ticket"><a class="tribe-events-event-buy-ticket-button" href="https://www.eufonie.pl/wp-content/uploads/2025/11/Eufonie_2025_PL-digital_15.pdf" target="_blank" rel="noopener">DOWNLOAD THE CONCERT PROGRAM</a></div>
<p>______</p>
<h4>PERFORMERS:</h4>
<p><strong>George Enescu Philharmonic Orchestra </strong></p>
<p><strong>Gabriel Bebeșelea<br />
</strong>conductor</p>
<p><strong>Jaemin Han<br />
</strong>cello</p>
<p><strong><a href="https://filharmonia.pl/informacje/deklaracja-dostepnosci">Declaration of availability</a></strong></p>
<p>Pętla indukcyjna dostępna w rzędach 12 i 13.</p>
<p><img decoding="async" class="alignnone wp-image-7805 size-thumbnail" src="https://www.eufonie.pl/wp-content/uploads/2024/11/petla-indukcyjna-150x150.jpg" alt="" width="150" height="150" srcset="https://www.eufonie.pl/wp-content/uploads/2024/11/petla-indukcyjna-150x150.jpg 150w, https://www.eufonie.pl/wp-content/uploads/2024/11/petla-indukcyjna-120x120.jpg 120w, https://www.eufonie.pl/wp-content/uploads/2024/11/petla-indukcyjna-300x300.jpg 300w, https://www.eufonie.pl/wp-content/uploads/2024/11/petla-indukcyjna-100x100.jpg 100w, https://www.eufonie.pl/wp-content/uploads/2024/11/petla-indukcyjna-370x370.jpg 370w" sizes="(max-width: 150px) 100vw, 150px" /></p>
<div class="tribe-events-event-buy-ticket"><a class="tribe-events-event-buy-ticket-button" href="https://nck.bilety24.pl/wydarzenie/?id=134997" target="_blank" rel="noopener">BUY TICKET</a></div>
<div></div>
<div class="tribe-events-sezon-container">
<p class="x_MsoNormal">
</div>
<p class="tribe-events-logos-container"><a class="tribe-events-link-image-only" href="https://www.cultura.ro/"><img decoding="async" class="alignnone wp-image-8592 size-medium" style="height: 100px; width: auto;" src="https://www.eufonie.pl/wp-content/uploads/2025/09/2025-Logotyp-MK-Rumunia--scaled.png" alt="Ministerstwo Kultury Rumunii">             </a><a class="tribe-events-link-image-only" href="https://www.icr.ro/"><img decoding="async" class="alignnone wp-image-8592 size-medium" style="height: 100px; width: auto;" src="https://www.eufonie.pl/wp-content/uploads/2025/09/ICR_new.png" alt="Rumuński Instytut Kultury">           </a><a class="tribe-events-link-image-only" href="https://varsovia.mae.ro"><img decoding="async" class="alignnone wp-image-8592 size-medium" style="height: 100px; width: auto;" src="https://www.eufonie.pl/wp-content/uploads/2025/09/2025-Logotyp-Ambasada-Rumunii.png" alt="Ambasada Rumunii"></a></p>
<p>&nbsp;</p>
<p><a class="tribe-events-link-image-only" href="https://filarmonicaenescu.ro/en"><img decoding="async" class="alignnone wp-image-8592 size-medium" style="height: 100px; width: auto;" src="https://www.eufonie.pl/wp-content/uploads/2025/09/Filharmonia-Bukareszt-LOGO.jpg" alt="Filharmonia Bukareszt"></a></p>
<p>&nbsp;</p>
<p>&nbsp;</p>
<p class="tribe-events-logos-container"><img decoding="async" class="alignnone wp-image-8592 size-medium" style="height: 100px; width: auto;" src="https://www.eufonie.pl/wp-content/uploads/2025/09/2025-Logotyp-SKRP-scaled.png" alt="Sezon Kulturalny Rumunia-Polska"></p>
<p>&nbsp;</p>
<p><a class="tribe-events-link-image-only" href="https://iam.pl/pl"><img decoding="async" class="alignnone wp-image-9966 size-large" style="height: 100px; width: auto;" src="https://www.eufonie.pl/wp-content/uploads/2025/10/MKiDN_IAM_black-1.png" alt=""></a></p>
<div>
<p><strong>Event within the framework of the Romania-Poland Cultural Season 2024–2025.</strong></p>
<p>The Romania-Poland Cultural Season 2024–2025 is organized by the <strong>Romanian Ministry of Culture</strong> and <strong>the Romanian Cultural Institute</strong>, together with the <strong>Polish Ministry of Culture</strong> and National Heritage and <strong>the Adam Mickiewicz Institute</strong>, with the support of <strong>the Polish Institute in Bucharest</strong>.</p>
</div>

<p>Antonín Dvořák and George Enescu had the ability to draw on the musical traditions of their nations with lightness and elegance without losing their individual musical languages. Their passion for the culture in which they&hellip;</p>
