{"id":9017,"date":"2025-09-18T12:01:22","date_gmt":"2025-09-18T10:01:22","guid":{"rendered":"https:\/\/www.eufonie.pl\/event\/trpceski-makedonissimo\/"},"modified":"2025-11-18T01:37:25","modified_gmt":"2025-11-18T00:37:25","slug":"trpceski-makedonissimo","status":"publish","type":"tribe_events","link":"https:\/\/www.eufonie.pl\/en\/event\/trpceski-makedonissimo\/","title":{"rendered":"Trp\u010deski \/ Makedonissimo"},"content":{"rendered":"<p><strong>Simon Trp\u010deski\u2019s Makedonissimo project is a colourful journey to the very heart of Macedonian tradition.<\/strong><\/p>\n<p>W transkrypcjach Pandego Shahova dawne pie\u015bni i ta\u0144ce nabieraj\u0105 koncertowej formy, \u0142\u0105cz\u0105c klasyczn\u0105 wirtuozeri\u0119 z \u017cywio\u0142em folkloru. Cykl Pletenki (<em>Warkocze<\/em>) splata melodie o mi\u0142o\u015bci, pracy i obrz\u0119dach w wielog\u0142osow\u0105 opowie\u015b\u0107 o pami\u0119ci i wsp\u00f3lnocie, ukazuj\u0105c, \u017ce muzyka ludowa mo\u017ce przemawia\u0107 uniwersalnym j\u0119zykiem emocji. <\/p>\n<div class=\"tribe-events-event-buy-ticket\"><a class=\"tribe-events-event-buy-ticket-button\" href=\"https:\/\/nck.bilety24.pl\/wydarzenie\/?id=134976\" target=\"_blank\" rel=\"noopener\">BUY TICKET<\/a><\/div>\n<h6>PROGRAMME:<\/h6>\n<p><strong><span style=\"text-decoration: underline;\">Pande Shahov (b. 1973)<br \/>\n<\/span><\/strong><em>Pletenki (Plaits)<\/em> [83\u2019]<br \/>\ntranscriptions of Macedonian traditional music in collaboration with Simon Trp\u010deski<br \/>\n(2017)<\/p>\n<p><strong><em>Plait 1<br \/>\n<\/em><\/strong><em>Pembe<br \/>\n<\/em><em>Buv\u010dansko<br \/>\n<\/em><em>Berovka<br \/>\n<\/em><em>Male\u0161evka<br \/>\n<\/em><em>Crnogorka<\/em><\/p>\n<p><strong>Plait 2 <\/strong><br \/>\n<em>\u010cije je ona devoj\u010de (dedicated to Simon Trp\u010deski\u2019s parents)<br \/>\n<\/em><em>Ibrahim od\u017ea<br \/>\n<\/em><em>Beran\u010de<\/em><\/p>\n<p><strong><em>Plait 3<br \/>\n<\/em><\/strong><em>Filka, moma<br \/>\n<\/em><em>Sitna lisa<\/em><br \/>\n<em>Staro \u010cunovo<\/em><br \/>\n<em>Ratevka<\/em><br \/>\n<em>Dra\u010devka<\/em><\/p>\n<p><em><strong>Plait 4<\/strong><br \/>\n<\/em><em>Ne si go prodavaj<br \/>\n<\/em><em>Koljo, \u010diflikot<br \/>\n<\/em><em>\u017detvarki<br \/>\n<\/em><em>\u010cu\u010duk<\/em><\/p>\n<p><strong><em>Plait 5 <\/em><\/strong><br \/>\n<em>Veligdensko<\/em><br \/>\n<em>Piperkovo<\/em><br \/>\n<em>Pomni\u0161 li libe, Todoro<\/em><br \/>\n<em>Janino<\/em><\/p>\n<p><strong><em>Warkocz 6<\/em> <\/strong><br \/>\n<em>Metovo<br \/>\n<\/em><em>Pelistersko<br \/>\n<\/em><em>Postupano<\/em><\/p>\n<div class=\"tribe-events-event-buy-ticket\"><a class=\"tribe-events-event-buy-ticket-button\" href=\"https:\/\/www.eufonie.pl\/wp-content\/uploads\/2025\/11\/Eufonie_2025_EN-digital_4.pdf\" target=\"_blank\" rel=\"noopener\">DOWNLOAD THE CONCERT PROGRAM<\/a><\/div>\n<p>__________<\/p>\n<h6>PERFORMERS:<\/h6>\n<p><span style=\"text-decoration: underline;\"><strong>Makedonissimo:<\/strong><\/span><\/p>\n<p><strong>Simon Trp\u010deski<br \/>\n<\/strong>piano<\/p>\n<p><strong>Hidan Mamudov<br \/>\n<\/strong>clarinet, saxophone, kaval<\/p>\n<p><strong>Aleksandar Krapovski<br \/>\n<\/strong>violin<\/p>\n<p><strong>Alexander Somov<br \/>\n<\/strong>cello<\/p>\n<p>Vlatko<strong> <\/strong>Nushev<br \/>\nperkusja<\/p>\n<p>&nbsp;<\/p>\n<div class=\"tribe-events-event-buy-ticket\"><a class=\"tribe-events-event-buy-ticket-button\" href=\"https:\/\/nck.bilety24.pl\/wydarzenie\/?id=134976\" target=\"_blank\" rel=\"noopener\">BUY TICKET<\/a><\/div>\n<p>&nbsp;<\/p>\n<p><a href=\"https:\/\/filharmonia.olsztyn.pl\/\"><img decoding=\"async\" class=\"alignnone wp-image-8802 size-thumbnail\" src=\"https:\/\/www.eufonie.pl\/wp-content\/uploads\/2025\/09\/2025-Logotyp-FO-150x150.png\" alt=\"\" width=\"150\" height=\"150\" srcset=\"https:\/\/www.eufonie.pl\/wp-content\/uploads\/2025\/09\/2025-Logotyp-FO-150x150.png 150w, https:\/\/www.eufonie.pl\/wp-content\/uploads\/2025\/09\/2025-Logotyp-FO-120x120.png 120w, https:\/\/www.eufonie.pl\/wp-content\/uploads\/2025\/09\/2025-Logotyp-FO-370x370.png 370w\" sizes=\"(max-width: 150px) 100vw, 150px\" \/><\/a><a href=\"https:\/\/filharmonia.olsztyn.pl\/\"> <\/a> <img decoding=\"async\" class=\"alignnone wp-image-8795 size-medium\" src=\"https:\/\/www.eufonie.pl\/wp-content\/uploads\/2025\/09\/2025-Logotyp-FO-Herb-z-napisem-1-300x87.png\" alt=\"\" width=\"300\" height=\"87\" srcset=\"https:\/\/www.eufonie.pl\/wp-content\/uploads\/2025\/09\/2025-Logotyp-FO-Herb-z-napisem-1-300x87.png 300w, https:\/\/www.eufonie.pl\/wp-content\/uploads\/2025\/09\/2025-Logotyp-FO-Herb-z-napisem-1-370x107.png 370w, https:\/\/www.eufonie.pl\/wp-content\/uploads\/2025\/09\/2025-Logotyp-FO-Herb-z-napisem-1-406x118.png 406w, https:\/\/www.eufonie.pl\/wp-content\/uploads\/2025\/09\/2025-Logotyp-FO-Herb-z-napisem-1.png 504w\" sizes=\"(max-width: 300px) 100vw, 300px\" \/><\/p>\n","protected":false},"excerpt":{"rendered":"<p>Simon Trp\u010deski\u2019s Makedonissimo project is a colourful journey to the very heart of Macedonian tradition. W transkrypcjach Pandego Shahova dawne pie\u015bni i ta\u0144ce nabieraj\u0105 koncertowej formy, \u0142\u0105cz\u0105c klasyczn\u0105 wirtuozeri\u0119 z \u017cywio\u0142em folkloru. Cykl Pletenki (Warkocze)&hellip;<\/p>\n","protected":false},"author":990013,"featured_media":9777,"template":"","meta":{"_acf_changed":false,"_tribe_events_status":"","_tribe_events_status_reason":"","footnotes":""},"tags":[],"tribe_events_cat":[],"class_list":["post-9017","tribe_events","type-tribe_events","status-publish","has-post-thumbnail","hentry"],"acf":[],"_links":{"self":[{"href":"https:\/\/www.eufonie.pl\/en\/wp-json\/wp\/v2\/tribe_events\/9017","targetHints":{"allow":["GET"]}}],"collection":[{"href":"https:\/\/www.eufonie.pl\/en\/wp-json\/wp\/v2\/tribe_events"}],"about":[{"href":"https:\/\/www.eufonie.pl\/en\/wp-json\/wp\/v2\/types\/tribe_events"}],"author":[{"embeddable":true,"href":"https:\/\/www.eufonie.pl\/en\/wp-json\/wp\/v2\/users\/990013"}],"version-history":[{"count":6,"href":"https:\/\/www.eufonie.pl\/en\/wp-json\/wp\/v2\/tribe_events\/9017\/revisions"}],"predecessor-version":[{"id":10696,"href":"https:\/\/www.eufonie.pl\/en\/wp-json\/wp\/v2\/tribe_events\/9017\/revisions\/10696"}],"wp:featuredmedia":[{"embeddable":true,"href":"https:\/\/www.eufonie.pl\/en\/wp-json\/wp\/v2\/media\/9777"}],"wp:attachment":[{"href":"https:\/\/www.eufonie.pl\/en\/wp-json\/wp\/v2\/media?parent=9017"}],"wp:term":[{"taxonomy":"post_tag","embeddable":true,"href":"https:\/\/www.eufonie.pl\/en\/wp-json\/wp\/v2\/tags?post=9017"},{"taxonomy":"tribe_events_cat","embeddable":true,"href":"https:\/\/www.eufonie.pl\/en\/wp-json\/wp\/v2\/tribe_events_cat?post=9017"}],"curies":[{"name":"wp","href":"https:\/\/api.w.org\/{rel}","templated":true}]}}

Trpčeski / Makedonissimo

<p><strong>Simon Trpčeski’s Makedonissimo project is a colourful journey to the very heart of Macedonian tradition.</strong></p>
<p>W transkrypcjach Pandego Shahova dawne pieśni i tańce nabierają koncertowej formy, łącząc klasyczną wirtuozerię z żywiołem folkloru. Cykl Pletenki (<em>Warkocze</em>) splata melodie o miłości, pracy i obrzędach w wielogłosową opowieść o pamięci i wspólnocie, ukazując, że muzyka ludowa może przemawiać uniwersalnym językiem emocji. </p>
<div class="tribe-events-event-buy-ticket"><a class="tribe-events-event-buy-ticket-button" href="https://nck.bilety24.pl/wydarzenie/?id=134976" target="_blank" rel="noopener">BUY TICKET</a></div>
<h6>PROGRAMME:</h6>
<p><strong><span style="text-decoration: underline;">Pande Shahov (b. 1973)<br />
</span></strong><em>Pletenki (Plaits)</em> [83’]<br />
transcriptions of Macedonian traditional music in collaboration with Simon Trpčeski<br />
(2017)</p>
<p><strong><em>Plait 1<br />
</em></strong><em>Pembe<br />
</em><em>Buvčansko<br />
</em><em>Berovka<br />
</em><em>Maleševka<br />
</em><em>Crnogorka</em></p>
<p><strong>Plait 2 </strong><br />
<em>Čije je ona devojče (dedicated to Simon Trpčeski’s parents)<br />
</em><em>Ibrahim odža<br />
</em><em>Beranče</em></p>
<p><strong><em>Plait 3<br />
</em></strong><em>Filka, moma<br />
</em><em>Sitna lisa</em><br />
<em>Staro Čunovo</em><br />
<em>Ratevka</em><br />
<em>Dračevka</em></p>
<p><em><strong>Plait 4</strong><br />
</em><em>Ne si go prodavaj<br />
</em><em>Koljo, čiflikot<br />
</em><em>Žetvarki<br />
</em><em>Čučuk</em></p>
<p><strong><em>Plait 5 </em></strong><br />
<em>Veligdensko</em><br />
<em>Piperkovo</em><br />
<em>Pomniš li libe, Todoro</em><br />
<em>Janino</em></p>
<p><strong><em>Warkocz 6</em> </strong><br />
<em>Metovo<br />
</em><em>Pelistersko<br />
</em><em>Postupano</em></p>
<div class="tribe-events-event-buy-ticket"><a class="tribe-events-event-buy-ticket-button" href="https://www.eufonie.pl/wp-content/uploads/2025/11/Eufonie_2025_EN-digital_4.pdf" target="_blank" rel="noopener">DOWNLOAD THE CONCERT PROGRAM</a></div>
<p>__________</p>
<h6>PERFORMERS:</h6>
<p><span style="text-decoration: underline;"><strong>Makedonissimo:</strong></span></p>
<p><strong>Simon Trpčeski<br />
</strong>piano</p>
<p><strong>Hidan Mamudov<br />
</strong>clarinet, saxophone, kaval</p>
<p><strong>Aleksandar Krapovski<br />
</strong>violin</p>
<p><strong>Alexander Somov<br />
</strong>cello</p>
<p>Vlatko<strong> </strong>Nushev<br />
perkusja</p>
<p>&nbsp;</p>
<div class="tribe-events-event-buy-ticket"><a class="tribe-events-event-buy-ticket-button" href="https://nck.bilety24.pl/wydarzenie/?id=134976" target="_blank" rel="noopener">BUY TICKET</a></div>
<p>&nbsp;</p>
<p><a href="https://filharmonia.olsztyn.pl/"><img decoding="async" class="alignnone wp-image-8802 size-thumbnail" src="https://www.eufonie.pl/wp-content/uploads/2025/09/2025-Logotyp-FO-150x150.png" alt="" width="150" height="150" srcset="https://www.eufonie.pl/wp-content/uploads/2025/09/2025-Logotyp-FO-150x150.png 150w, https://www.eufonie.pl/wp-content/uploads/2025/09/2025-Logotyp-FO-120x120.png 120w, https://www.eufonie.pl/wp-content/uploads/2025/09/2025-Logotyp-FO-370x370.png 370w" sizes="(max-width: 150px) 100vw, 150px" /></a><a href="https://filharmonia.olsztyn.pl/"> </a> <img decoding="async" class="alignnone wp-image-8795 size-medium" src="https://www.eufonie.pl/wp-content/uploads/2025/09/2025-Logotyp-FO-Herb-z-napisem-1-300x87.png" alt="" width="300" height="87" srcset="https://www.eufonie.pl/wp-content/uploads/2025/09/2025-Logotyp-FO-Herb-z-napisem-1-300x87.png 300w, https://www.eufonie.pl/wp-content/uploads/2025/09/2025-Logotyp-FO-Herb-z-napisem-1-370x107.png 370w, https://www.eufonie.pl/wp-content/uploads/2025/09/2025-Logotyp-FO-Herb-z-napisem-1-406x118.png 406w, https://www.eufonie.pl/wp-content/uploads/2025/09/2025-Logotyp-FO-Herb-z-napisem-1.png 504w" sizes="(max-width: 300px) 100vw, 300px" /></p>

<p>Simon Trpčeski’s Makedonissimo project is a colourful journey to the very heart of Macedonian tradition. W transkrypcjach Pandego Shahova dawne pieśni i tańce nabierają koncertowej formy, łącząc klasyczną wirtuozerię z żywiołem folkloru. Cykl Pletenki (Warkocze)&hellip;</p>
