{"id":7083,"date":"2024-09-20T16:22:13","date_gmt":"2024-09-20T14:22:13","guid":{"rendered":"https:\/\/www.eufonie.pl\/team\/orchestra-of-the-karol-szymanowski-philharmonic-in-cracow\/"},"modified":"2025-10-13T13:10:13","modified_gmt":"2025-10-13T11:10:13","slug":"orchestra-of-the-karol-szymanowski-philharmonic-in-cracow","status":"publish","type":"cpt_team","link":"https:\/\/www.eufonie.pl\/en\/team\/orchestra-of-the-karol-szymanowski-philharmonic-in-cracow\/","title":{"rendered":"Orchestra of the Karol Szymanowski Philharmonic in Cracow"},"content":{"rendered":"<p>The Orchestra of the Karol Szymanowski Philharmonic in Cracow\u202fstarted its activity in February 1945 as the first Polish symphonic orchestra after WWII. Over its 77 years of existence, the orchestra has been conducted by such outstanding maestros as Zygmunt Latoszewski, Bohdan Wodiczko, Stanis\u0142aw Skrowaczewski, Witold Rowicki, Andrzej Markowski, Henryk Czy\u017c, Jerzy Katlewicz, Tadeusz Struga\u0142a, Roland Bader, Jerzy Maksymiuk and Vladimir Ponkin. The orchestra has contributed significantly by performing \u2013 together with the mixed philharmonic choir and the boys\u2019 choir \u2013 works by Karol Szymanowski (patron of the Cracow Philharmonic since 1962) and Krzysztof Penderecki. <\/p>\n<p>The orchestra has performed in over 30 countries (for example, Iran, Japan, Canada, South Korea,\u202f Lebanon, Turkey, the USA), also as part of such renowned festivals as the Festival di Musica Contemporana and Maggio Musicale Fiorentino in Italy, Flanders Festival in Belgium, Festival Estival de Paris, Festival Europ\u00e4ischer Musik in Germany, Ravello Festival in Italy, Wexford Festival Opera in Ireland, Warsaw Autumn or Wratislavia Cantans.Zesp\u00f3\u0142 orkiestrowy koncertowa\u0142 w\u202fponad 30 krajach (m.in. w\u202fIranie, Japonii, Kanadzie, Korei Po\u0142udniowej,\u202f Libanie, Turcji, Stanach Zjednoczonych), tak\u017ce w ramach \u015bwiatowych festiwali, takich jak Festival di Musica Contemporana i Maggio Musicale Fiorentino we W\u0142oszech, Festiwal\u202f Flandryjski w\u202fBelgii, Festival Estival de Paris, Festival Europ\u00e4ischer Musik w Niemczech, Ravello Festival we W\u0142oszech, Wexford Festival Opera w Irlandii, Warszawska Jesie\u0144 czy Wratislavia Cantans. <\/p>\n<p>The Cracow Philharmonic Orchestra has performed several world premieres of pieces by 20th-century composers, including Artur Malawski, Gra\u017cyna Bacewicz, Witold Lutos\u0142awski, Tadeusz Machl, Krystyna Moszuma\u0144ska-Nazar, Juliusz \u0141uciuk, Adam Walaci\u0144ski, Bogus\u0142aw Schaeffer, Henryk Miko\u0142aj G\u00f3recki, Krzysztof Penderecki, Zbigniew Bujarski, Marek Stachowski, Krzysztof Meyer, Wojciech Wid\u0142ak and Marcel Chyrzy\u0144ski.<br \/>The orchestra\u2019s recordings have been recognised twice with the most prestigious awards:\u202fPassion\u202fby Penderecki conducted by Henryk Czy\u017c received a Grand Prix du Disque in 1967, while\u202fPolonica\u202fby Franz Liszt conducted by Tadeusz Struga\u0142a \u2013 a Grand Prix International du Disque in 1988.<\/p>\n","protected":false},"excerpt":{"rendered":"<p>The Orchestra of the Karol Szymanowski Philharmonic in Cracow\u202fstarted its activity in February 1945 as the first Polish symphonic orchestra after WWII. Over its 77 years of existence, the orchestra has been conducted by such&hellip;<\/p>\n","protected":false},"author":990010,"featured_media":6822,"comment_status":"closed","ping_status":"closed","template":"","class_list":["post-7083","cpt_team","type-cpt_team","status-publish","has-post-thumbnail","hentry","cpt_team_group-artysci-edycje-2024","cpt_team_group-artysci-edycja-2025"],"acf":[],"_links":{"self":[{"href":"https:\/\/www.eufonie.pl\/en\/wp-json\/wp\/v2\/cpt_team\/7083","targetHints":{"allow":["GET"]}}],"collection":[{"href":"https:\/\/www.eufonie.pl\/en\/wp-json\/wp\/v2\/cpt_team"}],"about":[{"href":"https:\/\/www.eufonie.pl\/en\/wp-json\/wp\/v2\/types\/cpt_team"}],"author":[{"embeddable":true,"href":"https:\/\/www.eufonie.pl\/en\/wp-json\/wp\/v2\/users\/990010"}],"replies":[{"embeddable":true,"href":"https:\/\/www.eufonie.pl\/en\/wp-json\/wp\/v2\/comments?post=7083"}],"wp:featuredmedia":[{"embeddable":true,"href":"https:\/\/www.eufonie.pl\/en\/wp-json\/wp\/v2\/media\/6822"}],"wp:attachment":[{"href":"https:\/\/www.eufonie.pl\/en\/wp-json\/wp\/v2\/media?parent=7083"}],"curies":[{"name":"wp","href":"https:\/\/api.w.org\/{rel}","templated":true}]}}

<p>The Orchestra of the Karol Szymanowski Philharmonic in Cracow started its activity in February 1945 as the first Polish symphonic orchestra after WWII. Over its 77 years of existence, the orchestra has been conducted by such outstanding maestros as Zygmunt Latoszewski, Bohdan Wodiczko, Stanisław Skrowaczewski, Witold Rowicki, Andrzej Markowski, Henryk Czyż, Jerzy Katlewicz, Tadeusz Strugała, Roland Bader, Jerzy Maksymiuk and Vladimir Ponkin. The orchestra has contributed significantly by performing – together with the mixed philharmonic choir and the boys’ choir – works by Karol Szymanowski (patron of the Cracow Philharmonic since 1962) and Krzysztof Penderecki. </p>
<p>The orchestra has performed in over 30 countries (for example, Iran, Japan, Canada, South Korea,  Lebanon, Turkey, the USA), also as part of such renowned festivals as the Festival di Musica Contemporana and Maggio Musicale Fiorentino in Italy, Flanders Festival in Belgium, Festival Estival de Paris, Festival Europäischer Musik in Germany, Ravello Festival in Italy, Wexford Festival Opera in Ireland, Warsaw Autumn or Wratislavia Cantans.Zespół orkiestrowy koncertował w ponad 30 krajach (m.in. w Iranie, Japonii, Kanadzie, Korei Południowej,  Libanie, Turcji, Stanach Zjednoczonych), także w ramach światowych festiwali, takich jak Festival di Musica Contemporana i Maggio Musicale Fiorentino we Włoszech, Festiwal  Flandryjski w Belgii, Festival Estival de Paris, Festival Europäischer Musik w Niemczech, Ravello Festival we Włoszech, Wexford Festival Opera w Irlandii, Warszawska Jesień czy Wratislavia Cantans. </p>
<p>The Cracow Philharmonic Orchestra has performed several world premieres of pieces by 20th-century composers, including Artur Malawski, Grażyna Bacewicz, Witold Lutosławski, Tadeusz Machl, Krystyna Moszumańska-Nazar, Juliusz Łuciuk, Adam Walaciński, Bogusław Schaeffer, Henryk Mikołaj Górecki, Krzysztof Penderecki, Zbigniew Bujarski, Marek Stachowski, Krzysztof Meyer, Wojciech Widłak and Marcel Chyrzyński.<br />The orchestra’s recordings have been recognised twice with the most prestigious awards: Passion by Penderecki conducted by Henryk Czyż received a Grand Prix du Disque in 1967, while Polonica by Franz Liszt conducted by Tadeusz Strugała – a Grand Prix International du Disque in 1988.</p>
